2
Let u(w) = w**3 + 22*w**2 + 21*w + 7. Let c be u(-21). Let m(q) = -4*q + 3*q - 6 + 3*q - q. Calculate m(c).
1
Let n(q) = -56*q - 35. Let g = -4896 + 4894. Calculate n(g).
77
Let a(x) = -4*x - 115. Let f be a(-29). Let q be 5/((6 - f) + -4). Let t(i) = i**3 - 4*i**2 - 6*i + 7. What is t(q)?
2
Let f = -1467 - -1463. Let h(u) be the first derivative of u**3 + u**2 + u + 11. Determine h(f).
41
Let y(r) = -2*r**2 - 29*r - 17. Let p be (18/54)/((-2)/(-63))*(-4)/3. What is y(p)?
-3
Let s be (12 - 3) + 20/(-5). Let j(q) = -4*q**2 + 2*q + 15. Calculate j(s).
-75
Let r(k) = 3*k + 6. Let f = 4 - 9. Let s(v) = -3*v - 7. Let c(m) = f*s(m) - 6*r(m). Suppose -5*p - 2*q = 0, 0 = -4*p - 4*q - 11 - 1. What is c(p)?
-7
Let v(m) be the third derivative of m**4/6 + 5*m**3/6 - m**2. Suppose -43*b + 28*b + 22*b + 28 = 0. Calculate v(b).
-11
Let z(b) = 2*b**2 - 1. Suppose 4*d + 10 = 9*d. Suppose 0 = 5*k + 3*j - 11, -5 - 2 = d*k + 5*j. Suppose k*a + a - 10 = 0. What is z(a)?
7
Let b(y) = -y**3 + 5*y**2 - 4*y + 3. Let t be b(3). Let u(h) be the second derivative of -h**5/20 + 2*h**4/3 + 3*h**3/2 + 13*h**2/2 - 152636*h. Calculate u(t).
13
Let k(m) be the first derivative of -6*m**2 - 33*m + 113. What is k(-6)?
39
Let a(n) be the second derivative of n**5/60 + 11*n**4/24 - 13*n**3/3 + 39*n**2 - 47*n - 3. Let j(s) be the first derivative of a(s). What is j(-13)?
0
Let i(l) = -10134 - 2*l + 10141 + 2*l**2 - l**2 + 20*l. Give i(-18).
7
Let z(d) = 6*d - 18*d + 7 + 16*d. Let l(x) = 19*x + 35. Let g(u) = -2*l(u) + 11*z(u). What is g(-5)?
-23
Let x be (-3)/((-18)/(-40))*-3. Suppose 5*q + x = 4*z, -3*z + 12 = -3*q - 3. Let g(v) = -v**2 + 4*v + 13. Give g(z).
8
Suppose 10 = 113*y - 118*y. Let n be -3 - -8 - 1 - (3 + y). Let q(l) = -4*l**2 + 24*l**3 - 19*l**3 - 6*l - 4*l**n. Calculate q(5).
-5
Let v be ((-14)/(-42))/((-2)/(-12)). Suppose -3*i - v*u + 7 = 0, 4*i - 7 = 2*i + u. Let l(m) = -3*m + 5*m - i*m - 1 - m. Calculate l(3).
-7
Let k(y) = -60*y**2 + 14*y + 2. Let f(i) = 29*i**2 - 6*i - 1. Let s(a) = -7*f(a) - 3*k(a). Calculate s(-1).
-22
Let r(q) = -q + 6. Let l = 8 - 3. Suppose 5*z - z - l*p - 23 = 0, -3*p = 3*z + 3. Suppose 4*k - 4*n = 44, -2*k - 5*n + z*n + 2 = 0. Give r(k).
-1
Let c(u) = -4*u + 10*u - 2*u - 23*u + 91. What is c(4)?
15
Let g(m) = -572*m + 3431. Let s be g(6). Let x(c) = 18*c**3 - 2*c**2 - 3*c. What is x(s)?
-17
Let c(b) = 6 - 4 - 1 + 3*b + 2. Let d be 1 - (-2 + 2 - 4). Suppose 12 = -d*v + 7*v. What is c(v)?
21
Let u = 228 + -215. Let h(j) = u - 2*j + 15 + 13 - 40. Give h(-3).
7
Let h be 285/(-475)*(-5)/(-3). Let c(g) = -4*g**3 + g + 4. Let d(q) = -q**3 - q**2 + q. Let x(l) = h*c(l) + 5*d(l). Calculate x(-5).
-24
Let o(h) = -h + 1. Let n be (66/(-12))/(1/(-4)). Suppose 0 = -2*a - n - 44. Let w be (-192)/a + (-4)/(-22). Give o(w).
-5
Let y = -2673 - -2682. Let z(p) = -p - 29. What is z(y)?
-38
Let j(t) = t**3 + 4*t**2 - 9*t - 17. Let q(w) = -w**3 + 107*w**2 - 103*w - 323. Let x be q(106). Calculate j(x).
3
Let v(z) = z**3 + 12*z**2 + 23*z + 22. Suppose 2*b - 38 = 5*n, -b + 20 = -5*n - 24. Calculate v(n).
-8
Let g(m) = m**3 + 4*m**2 - 2*m + 6. Suppose 2*z + 283 - 327 = 0. Let q(t) = -6*t + 127. Let v be q(z). Calculate g(v).
-9
Let z(n) = -43*n**2 + 28*n + 11. Let w(h) = 151*h**2 - 87*h - 35. Let o(v) = 2*w(v) + 7*z(v). Calculate o(-23).
30
Suppose -m = -0*m. Let y be 0 + -5 + (12 - -4). Let t(x) = -y - 89*x - 89*x + 177*x. Determine t(m).
-11
Let k(w) = 11*w + 295. Let g = -1835 + 1808. Give k(g).
-2
Let s(t) = t**3 - 7*t**2 - 8*t + 4. Suppose -4*k + 8*k - 36 = w, -36 = -3*k + 3*w. Calculate s(k).
4
Let f = -792 - -785. Let n(z) = z**3 + 10*z**2 + 13*z - 51. Let b be n(f). Let m(x) = -8*x + x**2 + 1 + 0*x**2 + x. Calculate m(b).
-9
Let b(a) = a**2 - 2*a + 1. Let q = -184 - -188. Let z(h) = h**2 - 12*h + 34. Let d be z(q). Calculate b(d).
1
Suppose 4*m + 38 = -2*v, 0*m - 5*v - 46 = 3*m. Let a(t) = t**2 - 10*t - 36. Let i be a(13). Let q be 5/i - m/21. Let y(k) = -4*k**2 + 2*k + 2. Calculate y(q).
-10
Let c(p) = 34*p**3. Let r = -2515 - -2514. Calculate c(r).
-34
Let h(u) = 12*u - 4. Let f(g) = -48*g + 15. Suppose 4*y - r - 76 = -y, r = -1. Let z(q) = y*h(q) + 4*f(q). Determine z(1).
-12
Let f(c) = 10*c + 3. Let g(n) = -6*n - 1. Let k(l) = -l**2 + l + 31. Let y be k(-5). Let p(r) = y*f(r) + 2*g(r). What is p(-4)?
9
Let u(s) = s**3 + 44*s**2 - 46*s - 43. Let a be u(-45). Suppose f + 2*y + 1 = 0, a*y - 50 + 60 = -4*f. Let o(h) = 4*h - 5*h + 2*h + 5. Determine o(f).
2
Let w(v) = 1. Let s(u) = u**2 - 7*u + 17. Let y(f) = s(f) - 4*w(f). Let p be y(6). Let o(m) = -12*m**2 + 13*m**2 - p*m - 12 + 2 - 1. Give o(8).
-3
Let l(q) = 42 - 112 + 24 + 6*q + 17. Give l(5).
1
Let o(l) = 53*l**2 + 8*l - 2. Let m(w) = -93*w**2 - 15*w + 3. Let b(u) = 4*m(u) + 7*o(u). Suppose 11*g = 4*g - 56. Determine b(g).
-34
Let o(g) = 3*g**3 + g**2 - g - 6. Let c(s) = 16*s**3 - 9*s**2 - 15*s - 51. Let j(d) = c(d) - 6*o(d). Give j(-7).
-1
Let f(h) = -h**2 + 4*h - 4. Let k be (0 + 3/(-3))/((-1)/4). Let l(u) = 118 - 3*u + k*u - 120 + 5*u**2. Let g be l(1). Determine f(g).
-4
Suppose 0 = -27*w + 24*w + 60. Suppose w*x - 26*x = -12. Suppose 10 = i + 4*c, -5*i = -i - 3*c - x. Let f(t) = -3*t - 2. Calculate f(i).
-8
Let s(v) = -v**2 + 12*v - 30. Suppose 16*q - 117 = 3*q. Let k be s(q). Let d(y) = -y**3 - 4*y**2 - 3*y - 2. Determine d(k).
-2
Let y(q) = -28*q + 1. Suppose -5*j + 47 = 5*i + 77, -2*j = -4*i. What is y(i)?
57
Let k(s) be the second derivative of -s**3/3 + s**2/2 - 393*s + 1. Determine k(14).
-27
Let j = -13 + 5. Let b(n) be the second derivative of n**5/20 + 3*n**4/4 + 7*n**3/6 - 2*n**2 - 201*n - 2. Calculate b(j).
4
Let w(i) be the second derivative of 6*i**2 - 7 - 2*i - 1/6*i**3. Suppose 4*o = -4*s + 13 - 1, 3*o + 5*s = 3. Calculate w(o).
6
Let h(u) = u**3 - 12*u**2 + 11*u - 5. Let i be h(11). Let r = i + 3. Let k(w) be the first derivative of -w**3/3 - w**2 - 3*w - 218. Give k(r).
-3
Let o(u) be the first derivative of -u**3 + 21*u**2/2 - 13*u + 349. Give o(6).
5
Let b(t) = -t**3 + 11*t**2 - 25*t - 5. Let k(d) = -485*d + 491. Let y be k(1). What is b(y)?
25
Let b(x) be the second derivative of 77*x - 1/2*x**2 - 1/2*x**3 + 0. What is b(2)?
-7
Suppose 8 = -2*m + 2*q, 0 = q - 1445 + 1439. Let u(f) = -47*f - 8. Give u(m).
-102
Let x = 152 - 151. Let v(t) = 10*t - 16*t - 29*t**3 + t**2 + 6*t - x. What is v(1)?
-29
Let q(k) = 158*k**3 - 5*k**2 + 13*k + 27. Let r(s) = -45*s**3 + 2*s**2 - 4*s - 9. Let p(a) = 2*q(a) + 7*r(a). What is p(-5)?
-24
Let p(o) be the third derivative of o**6/120 + 11*o**5/60 - o**4 + o**3/6 - 3833*o**2 - 2. Give p(-13).
-25
Let g(z) = 1167*z**2 - 1165*z**2 - 31*z - 12 - 10 - 1. What is g(18)?
67
Let d(a) = -a**2 - 6*a - 4. Suppose 11*v - 12*v = 72. Let g be (-570)/(-3)*8/(-20). Let c = g - v. Determine d(c).
4
Let p(b) = 5*b + 1. Let a(d) = 5*d. Let c(x) = -5*a(x) + 4*p(x). Suppose 6*s - 11 = 7. Calculate c(s).
-11
Let m be 22/(-99) + 920/9 + 0. Let q = -102 + m. Let n(i) = 2 + 3*i**2 + q*i**2 - 2*i**2 - 3 - i. Give n(-2).
5
Let d(f) be the second derivative of -f**2 - 1/6*f**4 + 160*f + 1/6*f**3 - 1/20*f**5 + 0. Calculate d(-3).
4
Let o(y) be the third derivative of y**5/60 - 3*y**4/8 + 5*y**3/3 + 12*y**2. Suppose -1 = -v + 6. Let z be v/(-2)*22/(-11). Determine o(z).
-4
Let u be (1708/21)/2 - 1/(-3). Let w = 44 - u. Let m(h) be the first derivative of -2*h**3/3 + 2*h**2 - 2*h - 4. What is m(w)?
-8
Suppose 62*d = 48 - 110. Let t(z) = z**3 - 4*z**2 - 6*z + 6. Let q be t(5). Let p(l) = -l - q + 6*l**3 - l**2 + 0*l + 2*l**2. Give p(d).
-5
Let t(s) = -90*s + 1. Let o = -12678 + 12679. Determine t(o).
-89
Let b(z) = -11*z**2 - 1. Let c(i) = -296*i**2 - 24. Let n(q) = -24*b(q) + c(q). Determine n(1).
-32
Let d(z) be the second derivative of 4*z - 1/2*z**3 - 5/2*z**2 + 0. Suppose f + 5*q + 15 = 0, 4*f = -2*q + 15 - 3. Determine d(f).
-20
Let k = -7 - 12. Let b(l) = l**2 + 21*l + 12. Let j be b(k). Let m = -29 - j. Let r(f) = 2*f**2 + 4*f + 3. Determine r(m).
9
Let d be ((-4)/(-8) - 3/8) + (-36636)/2272. Let j(v) = -5*v - 30. Calculate j(d).
50
Let g(a) be the second derivative of -a**5/20 - 5*a**4/12 - a**3/3 + 5*a**2/2 + 2400*a - 2. Give g(-4).
-3
Let n(c) = 4*c + 5 - c - 18*c + 17*c. Give n(-8).
-11
Let k(o) = 25*o**2 - 52 - 50 + 102. Calculate k(-1).
25
Let u(m) = -